multiple of 1865?
True
Is 11 a factor of 177842326?
False
Does 477 divide 323753389?
False
Does 8983 divide 1539461625?
True
Is 62705985 a multiple of 5?
True
Does 83 divide 59766409?
False
Does 836 divide 994705?
False
Is 45262000 a multiple of 40?
True
Does 86 divide 904414528?
True
Does 45 divide 9767070?
True
Is 5 a factor of 3116181?
False
Does 225 divide 36629054?
False
Does 2 divide 23944691?
False
Is 8941068 a multiple of 1228?
True
Is 97 a factor of 278331509?
True
Is 2541682 a multiple of 26?
True
Is 128896322 a multiple of 957?
False
Is 707788872 a multiple of 597?
True
Does 967 divide 6747152569?
True
Does 174 divide 2618055116?
False
Is 561 a factor of 869109?
False
Is 23092799 a multiple of 19?
False
Does 95 divide 28614738?
False
Is 6 a factor of 71887830?
True
Is 37 a factor of 32350913?
True
Is 17 a factor of 105796922?
False
Does 61 divide 4730733?
True
Is 612 a factor of 25079193?
False
Is 50 a factor of 50657413?
False
Is 1477 a factor of 42190505?
True
Is 106939259 a multiple of 1033?
True
Is 660 a factor of 138498931?
False
Is 882 a factor of 180869402?
False
Is 1061 a factor of 338037586?
False
Is 2814897215 a multiple of 131?
True
Is 1741 a factor of 64530223?
False
Is 133572492 a multiple of 12?
True
Is 108 a factor of 1910052684?
True
Is 53732550 a multiple of 50?
True
Does 191 divide 6861484?
True
Is 88286084 a multiple of 59?
False
Does 4084 divide 1651602272?
True
Is 94 a factor of 3254964?
False
Is 156853182 a multiple of 95?
False
Does 1332 divide 4952376?
True
Is 17753718 a multiple of 17?
False
Is 6 a factor of 169394424?
True
Does 248 divide 523691432?
True
Does 36 divide 5503212?
True
Is 1721606186 a multiple of 1678?
True
Is 1392516 a multiple of 230?
False
Is 19 a factor of 11286722?
True
Is 39 a factor of 68160561?
False
Is 4979350 a multiple of 50?
True
Is 292 a factor of 170605088?
True
Is 338 a factor of 2839183?
False
Is 260149344 a multiple of 1842?
True
Is 38006300 a multiple of 142?
True
Is 165 a factor of 17586012?
False
Does 355 divide 152012883?
False
Is 98662942 a multiple of 1106?
True
Is 2076716178 a multiple of 149?
False
Is 31482287 a multiple of 2748?
False
Is 799089153 a multiple of 1804?
False
Is 52 a factor of 563311164?
True
Is 16 a factor of 107364000?
True
Is 90 a factor of 22541220?
True
Is 257 a factor of 267423519?
False
Is 54646187 a multiple of 135?
False
Is 52273569 a multiple of 1934?
False
Is 77717130 a multiple of 2?
True
Is 610 a factor of 77759662?
False
Is 532047568 a multiple of 1076?
True
Does 271 divide 8253576?
True
Does 63 divide 200439725?
False
Is 6 a factor of 459454176?
True
Is 18 a factor of 48061548?
True
Is 717 a factor of 2597273393?
False
Does 2209 divide 836837679?
True
Is 599 a factor of 437608143?
False
Does 177 divide 865974801?
True
Does 30 divide 851068020?
True
Is 11529751 a multiple of 963?
False
Is 6 a factor of 24904827?
False
Is 1729193375 a multiple of 455?
True
Is 464729524 a multiple of 28?
True
Is 10873515 a multiple of 2?
False
Does 86 divide 351491773?
False
Is 23988218 a multiple of 4?
False
Is 45271429 a multiple of 23?
True
Is 129 a factor of 157400971?
False
Is 96 a factor of 63194257?
False
Is 298677338 a multiple of 25?
False
Does 10 divide 369792630?
True
Is 2645 a factor of 352750425?
True
Is 28966834 a multiple of 403?
True
Does 12 divide 13801022?
False
Is 63300884 a multiple of 53?
False
Is 6743115 a multiple of 9?
True
Does 84 divide 3670613604?
True
Does 12 divide 146660771?
False
Is 31 a factor of 594150805?
True
Is 41859268 a multiple of 3?
False
Does 11 divide 760082488?
True
Is 1396 a factor of 814330076?
True
Is 1469 a factor of 4806628456?
False
Is 650 a factor of 61049950?
True
Is 110 a factor of 1083623090?
True
Is 521589145 a multiple of 248?
False
Is 69168783 a multiple of 202?
False
Is 414 a factor of 502520652?
True
Is 982305093 a multiple of 303?
True
Does 111 divide 59698908?
True
Does 2377 divide 140414879?
False
Is 1134494937 a multiple of 1143?
True
Is 10 a factor of 91962938?
False
Is 46 a factor of 35559430?
False
Is 91 a factor of 9499389?
False
Is 201 a factor of 363176247?
True
Is 13 a factor of 10962986?
False
Does 61 divide 231098987?
False
Is 33300103 a multiple of 5?
False
Does 94 divide 3802018?
True
Is 49 a factor of 68337409?
True
Is 2438289 even?
False
Is 21 a factor of 5408601?
False
Is 252344385 a multiple of 395?
False
Does 245 divide 11818555?
True
Is 66 a factor of 1617632940?
True
Is 96 a factor of 17979351?
False
Does 56 divide 80043768?
True
Does 16 divide 18787680?
True
Is 1049791246 a multiple of 146?
True
Is 1050135906 a multiple of 944?
False
Is 52752400 a multiple of 16?
True
Is 585 a factor of 1410056236?
False
Is 599801 a multiple of 219?
False
Is 93665916 a multiple of 997?
False
Does 82 divide 26334628?
True
Does 73 divide 338653789?
True
Does 3 divide 1621123?
False
Does 246 divide 31785906?
True
Is 703163153 a multiple of 23?
True
Does 1452 divide 31186724?
False
Does 81 divide 16869495?
False
Is 9637146 a multiple of 134?
True
Is 5 a factor of 3098540?
True
Is 2524981463 a multiple of 18?
False
Is 49881143 a multiple of 458?
False
Is 65 a factor of 2038558015?
True
Does 13 divide 202083388?
True
Is 2096 a factor of 2398834713?
False
Is 37604601 a multiple of 1989?
False
Does 2543 divide 350608496?
True
Is 312433567 a multiple of 34?
False
Does 21 divide 1052989374?
False
Does 3242 divide 526200213?
False
Does 98 divide 85063706?
True
Is 250717518 a multiple of 456?
False
Is 38047297 a multiple of 2?
False
Is 546 a factor of 6372366?
True
Is 1851766210 a multiple of 10?
True
Does 17 divide 77373137?
True
Does 180 divide 19201284?
False
Is 9631 a factor of 1398823934?
False
Does 77 divide 16204804?
True
Is 400736206 a multiple of 167?
True
Is 13989339 a multiple of 203?
True
Is 1752357060 a multiple of 90?
True
Is 283875186 a multiple of 13?
False
Is 8255344 a multiple of 3?
False
Is 70570936 a multiple of 1538?
False
Does 52 divide 103376?
True
Is 760 a factor of 381950160?
True
Is 1207 a factor of 71140580?
True
Is 1085 a factor of 122634295?
True
Is 81289597 a multiple of 430?
False
Is 2658898197 a multiple of 749?
False
Is 7 a factor of 5006253?
True
Does 98 divide 443434944?
False
Is 231 a factor of 14701388?
False
Does 80 divide 59605973?
False
Is 770691618 a multiple of 2718?
True
Does 9 divide 884675619?
True
Does 173 divide 15733249?
False
Is 13 a factor of 9367566?
True
Does 115 divide 46010939?
False
Does 57 divide 764952426?
True
Does 17 divide 32620943?
True
Is 446845826 a multiple of 1325?
False
Is 3374028 a multiple of 27?
True
Is 112 a factor of 82490188?
False
Does 7 divide 24384689?
True
Does 353 divide 342754184?
False
Is 3230 a factor of 2439296000?
True
Is 121992634 a multiple of 402?
False
Is 1147181882 a multiple of 242?
True
Is 2841 a factor of 1511412?
True
Is 20375101 a multiple of 66?
False
Is 18 a factor of 60442894?
False
Is 693787800 a multiple of 344?
True
Is 18389664 a multiple of 288?
True
Is 697 a factor of 522891299?
False
Is 8 a factor of 137339862?
False
Does 17 divide 4830465?
True
Is 84973679 a multiple of 123?
False
Is 13954184 a multiple of 8?
True
Does 94 divide 2950578745?
False
Does 12 divide 809595278?
False
Is 91 a factor of 751461984?
True
Is 120 a factor of 77383192?
False
Is 10274504 a multiple of 28?
False
Is 701122300 a multiple of 24?
False
Is 3177691901 a multiple of 14?
False
Is 2706 a factor of 1743770754?
True
Does 8 divide 4735039?
False
Does 17 divide 15421224?
False
Does 597 divide 52789900?
False
Is 11 a factor of 69535413?
False
Does 197 divide 671335627?
False
Is 44268150 a multiple of 25?
True
Is 1819713155 a multiple of 65?
True
Is 698472689 a multiple of 23?
False
Is 9059223 a multiple of 3?
True
Does 529 divide 819855239?
False
Is 20628858 a multiple of 157?
True
Is 412507914 a multiple of 13?
True
Is 2998278091 a multiple of 3697?
True
Is 4 a factor of 1930393?
False
Is 1451 a factor of 1471662240?
True
Is 1024836098 a multiple of 1469?
True
Is 33 a factor of 161531134?
False
Does 569 divide 720740351?
True
Does 50 divide 34108650?
True
Is 618717176 a multiple of 22?
True
Is 6 a factor of 76223646?
True
Is 581167031 a multiple of 86?
False
Is 995877184 a multiple of 12185?
False
Is 228 a factor of 12381686?
Fals